. Give t(1).
-10
Let w(j) = 6*j - 2 - 3 - 5*j**2 + 4*j**2 - 1 + 5. Give w(7).
-8
Let d(z) = 3*z + 3. Let q be 28/7*(-15)/(-12). What is d(q)?
18
Suppose -2 = 2*f - 12. Let r(n) = 3*n**3 - 20*n**2 - 34*n + 1. Let v(q) = q**3 - 7*q**2 - 12*q. Let z(b) = 3*r(b) - 8*v(b). Give z(f).
-2
Let k(z) = z + 1. Let g(a) = -4*a - 7. Let y(h) = g(h) + 3*k(h). Let w be ((-2)/(-1))/(7/(-28)*2). Let t be w + 35/(30/6). Determine y(t).
-7
Let m(n) be the first derivative of -n**2/2 + 4*n - 187. Suppose -3*f = -4 - 11. Suppose f*z = 3*z. Give m(z).
4
Let c(l) = -l**3 + 3*l**2 + 3*l + 4. Let n = 3 - -25. Let j = 56 - n. Suppose 3*d + d + 3*v - j = 0, 4*d = 4*v. Determine c(d).
0
Let s = 11 - 5. Let x(h) = -2*h**3 - 5*h**2 + 7*h + 1. Let u(o) = 3*o**3 + 4*o**2 - 6*o - 1. Let j(a) = s*u(a) + 5*x(a). Calculate j(-1).
-9
Let q(m) be the third derivative of m**6/360 + m**5/120 + m**4/24 - 2*m**2. Let z(o) be the second derivative of q(o). Suppose -32 + 20 = 6*i. What is z(i)?
-3
Suppose -5*v + 2*v = -3, -3*v = 5*z - 13. Let m(j) = -5 - j**z - 21*j + 13 + 18*j. Determine m(-6).
-10
Let s(r) = -5*r - 1. Let q(k) = k**3 - 2*k**2 + 2. Let z be q(2). Suppose 0 = z*f - 12 + 4. Suppose v = -f + 3. Calculate s(v).
4
Let z(i) = 4882*i**2 - 2*i**3 - 3 - 5 + 3*i**3 + 2 - 4875*i**2 + 7*i. What is z(-5)?
9
Let n(o) = o**2 - 7*o - 10. Suppose 9*y + 300 = -y. Let i = -22 - y. What is n(i)?
-2
Let s(n) be the first derivative of 5*n**2/2 + 5*n - 92. What is s(-4)?
-15
Let k(n) = -4*n**3 - 9*n**2 + 14*n - 10. Let z(g) = 5*g**3 + 9*g**2 - 15*g + 10. Let o(i) = -6*k(i) - 5*z(i). Give o(8).
2
Let w(f) = -5*f**3 - 4*f**2 - f + 2. Let x = -1214 - -1212. What is w(x)?
28
Let k(y) = y**3 + 11*y**2 + y + 15. Let s be k(-11). Let m(g) = -g - 2 + 5 + 6. Calculate m(s).
5
Suppose 3 = -2*g + 3*g. Let a(p) = g*p - 1 + 4 - 5*p - p. Suppose 5*q + 7 - 22 = 0. Calculate a(q).
-6
Let r(f) = 6 + 3*f**3 + f**3 - 3*f**3 + 7*f**2 - 225*f + 217*f. Calculate r(-8).
6
Let z = 11 - -9. Let v = z - 22. Let r(t) = -3 + 2 + 2 + t**3. Give r(v).
-7
Let k(w) be the first derivative of -w**4/4 + 4*w**3/3 - w**2 - 3*w + 96. Let d be (1 - 0)/((-1)/(-4)). Give k(d).
-11
Let v(j) be the first derivative of -j**4/4 + 2*j**3/3 - j**2/2 - j - 1. Let q = -1636 - -1639. Give v(q).
-13
Let a = -29 + 59. Suppose -a = -s + 3*g, -4*s - 164 = -9*s + g. Let u be 2/(-9) + s/27. Let r(f) = 4*f**3 + 2*f**2 - 2*f + 1. Calculate r(u).
5
Let u(g) = -392*g - 383*g - 389*g - 1 - 387*g + 1541*g. What is u(-2)?
19
Let q(v) = -v - 8. Let g be 0*((-37)/6 + (-48)/(-8)). Calculate q(g).
-8
Let w(z) = 2*z**3 - 6*z**2 + 4*z - 2. Let i be w(5). Let t(g) = 3*g**2 - 6*g + 4*g**2 - 119*g**3 + i*g**3. Calculate t(6).
0
Let q(f) be the first derivative of 8*f**2 - f - 148. Determine q(1).
15
Let d(x) be the first derivative of 3*x**2/2 + 1610. Let g(h) = -h. Let r be g(4). What is d(r)?
-12
Suppose 3*p + 36 = 7*p. Suppose p*f - 20 = -f. Let b(x) = 2*x - 2. Calculate b(f).
2
Let s = 71 - 75. Let o(c) = -9 + 2 + 11 + 4*c. Determine o(s).
-12
Suppose -68 = -x - 3*x. Let d(n) = n - x + 0*n + n**2 + 10. Suppose v = -v + 3*c, 0 = -5*v + 4*c. Determine d(v).
-7
Suppose 24 = -5*d + 2*o, -4*d + o = -o + 20. Let j be d - (-1 - (-3 + 11)). Let q(u) = 2*u**2 + 17*u - 11*u - j*u - 4*u**3. Calculate q(-1).
5
Suppose 3*m + 128 = 7*m. Let g be m/(-40) + 72/(-10). Let y(u) = -2*u - 19. Let h be y(g). Let t(j) = j**3 + 2*j**2 + 2*j + 3. Calculate t(h).
-12
Suppose 0 = -744*t + 738*t - 36. Let q(d) = -3*d - 7. Let x(s) = -4*s - 8. Let b(n) = -3*q(n) + 2*x(n). What is b(t)?
-1
Let h(o) = -5*o + 16. Suppose -374*z + 16 = -370*z. What is h(z)?
-4
Let k be (14/(-21))/(4/(-114)). Let z(g) = k - 8 + g - 6. Let m(f) = -2*f**3 + 3*f**2 + f - 3. Let n be m(2). What is z(n)?
0
Let o(r) = -r - 15. Let k = 82 + -90. Calculate o(k).
-7
Suppose 0 = 8*i - 7*i - 1. Let r(y) = -3 + 5*y**2 - i + 10*y - 9*y - y**3 - 4*y. Give r(4).
0
Let x(c) = c**3 - 4*c**2 - 4*c - 2. Let h be x(5). Suppose -2*g + 5*y + 0 = -h, -y = -1. Let q(o) = o**3 + 6 - 2*o**2 - 3*o**2 - 3*o + g*o. Give q(5).
11
Let u = -10 - -10. Suppose -2*m + u*m = -6. Let o(i) = 2*i**2 + 4*i - 6. Let s(l) = -3*l**2 - 9*l + 12. Let b(w) = m*s(w) + 5*o(w). Determine b(6).
0
Let k(g) = g**2 + 3*g - 3. Let y be 24/12*(-2 - -1). Let z(u) = -6*u + 2. Let h be z(y). Suppose 0 = 3*d + h - 5. Give k(d).
-3
Suppose -c + 3*w = 5, -5*c + 54 + 1 = 5*w. Let u(y) = y**2 + 6*y**3 - 2 - c*y**2 - 7*y**3 - 6*y. Give u(-4).
-10
Let n = -18 + 38. Let l be n/6 + (-6)/(-9). Suppose -1 = -l*x + 15. Let q(z) = -z**3 + 4*z**2 - 4. Calculate q(x).
-4
Let c(i) be the first derivative of 9*i**2 + 2*i - 182. Determine c(-2).
-34
Let v(n) be the first derivative of -5*n**2 + 2*n + 91. Give v(-3).
32
Let s(q) = -q. Let y(x) = -7*x + 2. Let p(o) = -6*s(o) + y(o). Let w(z) be the first derivative of z**2 - 5*z - 86. Let g(v) = -5*p(v) - 3*w(v). Give g(5).
0
Let r(t) = 26*t + 4. Let g be r(2). Let a be 16/g + (-30)/7. Let m(b) = -b**3 - 4*b**2 - b + 2. Calculate m(a).
6
Let t(d) be the second derivative of d**3/6 - 7*d + 1. What is t(1)?
1
Let u(o) be the first derivative of -o**2 - 6*o - 34. What is u(-5)?
4
Let n(j) = j**3 + 8*j**2 + 6*j + 1. Let g be n(-7). Suppose -g + 4 = -h. Suppose f = 3*m - 0*m - 12, -4*f = h*m. Let b(i) = i**2 + i + 3. Give b(f).
9
Let h(b) = -b**3 - 7*b**2 + 10. Let f(a) = -a**3 - 8*a**2 + 11. Let p(z) = 6*f(z) - 7*h(z). What is p(0)?
-4
Let q(w) be the first derivative of 10 - 47 - 5*w**2 + 0*w + 6*w**2 - 4*w. Calculate q(3).
2
Suppose 0 = 8*p - 6 - 10. Let y(z) be the second derivative of -1/12*z**4 + 0*z**3 + 0 + 0*z**p + 8*z. Calculate y(-2).
-4
Suppose y = -7*y + 40. Suppose 12 = y*l - l. Let f(d) = d**2 - 3*d - 2. Calculate f(l).
-2
Let j be 2 - (-1 + -1 + 0). Let l(i) = 0*i + 1 + 2*i + 1 - 4*i. What is l(j)?
-6
Let t(w) = w**3 + w**2 - w + 1. Let f(c) = -4*c**3 - 27*c**2 - 7*c + 10. Let d(k) = f(k) + 6*t(k). What is d(11)?
-6
Let o(d) = -2*d - 39. Suppose -5*a - 69 = 5*k + 26, -k + 17 = -a. Calculate o(a).
-3
Let z(v) = 2*v**3 + v**2 + v + 1. Let s(l) = 2*l**2 - 7*l - 2. Let j be s(6). Let x = 30 - j. Suppose x*b + 1 = -1. Determine z(b).
-1
Let y(j) be the first derivative of j**2 - 9*j + 3. Suppose 15*z + 26 = 20*z + g, 2*z = -4*g - 4. What is y(z)?
3
Let m(y) = y**3 + 9*y**2 + 9*y + 10. Let h be m(-8). Suppose -l - 4*i - h - 9 = 0, 0 = -l + 5*i + 34. Let a(p) = -p**3 + 9*p**2 + p - 9. Determine a(l).
0
Let h(y) be the second derivative of -y**4/12 + 2*y**3/3 + y**2 + 4*y. Let i be h(4). Let w(t) = 4*t**2 + t + 1. Determine w(i).
19
Let s(h) = -h**2 - 10*h - 15. Let y be s(-7). Let i be (4/y)/((-46)/69). Let g(q) = 1 + q**2 + 2*q - 6*q**3 + q - q. What is g(i)?
6
Suppose -y = 31 - 40. Let p(m) = m - 15. Determine p(y).
-6
Let w(z) = -30 - 33 - 34 - 30 + 129 + z**2. Let i be 22/6 + (-2)/(-6). Determine w(i).
18
Let p(i) be the third derivative of -i**6/120 - i**5/12 - i**4/24 - i**3/3 - 76*i**2. Determine p(-5).
3
Suppose -5*s + 2*b = -42, -5*s = -5*b + 7 - 52. Let z be (-8 - (-95)/s) + 2/16. Let n(j) = 4*j - 1. What is n(z)?
15
Let l(v) = v**3 + 6*v**2 + 4*v + 2. Let a(s) = 2*s - 5. Let p be a(4). Suppose 7*h - p*h = 16. Suppose -x + 15 = -h*x. Determine l(x).
7
Let j(a) = a**2 - 1. Let b(c) = 6 + c**2 + 0*c**2 + c - 7*c. Let z(o) = -b(o) + 2*j(o). Let f(y) = -y**2 - 3*y + 11. Let s be f(-6). Calculate z(s).
-1
Let p(c) = -11*c**2 - 2. Let f(m) = -m**2 + 1. Let g(d) = f(d) + p(d). Calculate g(1).
-13
Suppose 3*p - 4*p + 2 = 0. Suppose -3*m + 3 = -3*r, p*m + 2*m = -5*r + 4. Suppose 12 = -r*t + 6*t. Let x(v) = 4*v - 1. Give x(t).
7
Suppose 0 = -3*d + 4*q - 5 + 13, 3*d + 4 = -2*q. Let m(b) = 7*b**2 + 7*b + 4. Let a(p) = -13*p + 10 - 8 - 13*p**2 - 10. Let f(j) = 6*a(j) + 11*m(j). Give f(d).
-4
Let t(p) be the first derivative of -3*p**2/2 + 4*p + 27. Calculate t(-2).
10
Let z(q) be the second derivative of 4*q**3/3 - 2*q**2 - 115*q. Calculate z(-2).
-20
Let i(a) = 4*a**2 + 4*a - 2. Suppose 0 = -7*u + 8*u + 2*h + 1, -3*u + 15 = -3*h. Give i(u).
46
Suppose 2*w - 7*w + 10 = 0. Let p be w/(-8) - 100/(-80). Let j(b) = -6*b + 1. Determine j(p).
-5
Suppose -18*j - 12 = -14*j. Let n(m) be the second derivative of m**5/20 + m**4/12 - m**3/3 + 3*m**2/2 - 2*m. What is n(j)?
-9
Let j(y) be the first derivative of y**6/360 + 3*y**5/40 - y**